t derivative of h**4/4 - 8*h**3/3 - h**2 + 11*h + 600. Let a = -18 - -26. What is l(a)?
-5
Let v(w) = 3 - 18 + 5 - w**2 + 7*w. Let g be v(5). Let b be 0*((-1)/2 - g). Let u(d) = d**2 - d - 2. What is u(b)?
-2
Let v(a) = 9*a. Let w = -68 - -72. Suppose -13 = w*p - 9. What is v(p)?
-9
Let i(w) = 357*w**3 - 23 + 4*w**2 - 358*w**3 + 8*w + 6. Determine i(5).
-2
Let u(b) = -b**2 + b + 2. Suppose 0 = -3*n - 4 + 25. Suppose -8 = -3*c + n*c. Calculate u(c).
-4
Let f(p) be the first derivative of p**2 - 14*p + 45. Give f(8).
2
Suppose g = -4*g + 10. Suppose g*u = 3*u - 4. Suppose -5*p - u*d + 3 = 0, 6 = -5*d - 9. Let t(f) = -2*f - 2. What is t(p)?
-8
Let t(i) = -5*i. Let o be t(-1). Let a(y) be the third derivative of y**6/120 - y**5/15 - 7*y**4/24 + 7*y**3/6 + 614*y**2. What is a(o)?
-3
Let p(a) = a**3 + 13*a**2 + 12*a + 8. Let m be 4774/(-385) + 2/5 + 0. Give p(m).
8
Let x(h) = -h**2 + 13*h + 38. Let i be x(15). Let v be 3 - 1 - (0/i)/(-6). Let b(a) = a - 3 - a**2 + 2*a - a. Give b(v).
-3
Suppose -4*o + 16 = 2*d, 4*o + 3 = 5*o + d. Let k(n) = -8*n - 8*n**3 + 2*n**2 - 6*n**2 + n**3 + 7 + 8*n**3. Give k(o).
-8
Suppose -3*c + 66 + 129 = 0. Suppose 3*i + 14 - c = 0. Let f(o) = 7*o**2 - 4*o - 1. Let q(y) = -20*y**2 + 12*y + 3. Let x(p) = i*f(p) + 6*q(p). Calculate x(5).
-4
Let h(s) = -12 + s**2 + 6 + 7. Let f(o) = -o**3 - 12*o**2 - o - 10. Let t(z) = -f(z) - 6*h(z). Determine t(-6).
-2
Let z(g) = -g**3 - 5*g**2 - 4*g. Let p(j) = -2 + 9 - 3*j + 4*j. Let q be p(-4). Suppose -x + q = -2*x. Determine z(x).
-6
Let k(g) be the first derivative of -g**4/4 + 5*g**3/3 + 3*g**2 - 89. Determine k(6).
0
Let r(c) = -5*c**2 - 5*c + 11. Let d(b) = 4*b**2 + 2*b - 10. Let a(w) = -4*d(w) - 3*r(w). Give a(7).
7
Let w(o) = o**2 - 23 + 18 - 1 - 2*o**2 - 15*o. Determine w(-15).
-6
Let q(n) = -n**2 + 4*n + 5. Let o be ((-6)/(-15))/(1/5). Suppose -4*f - o*s + 18 = 0, 2*s = -f - 0*s + 6. Give q(f).
5
Let a be 4 + (-2 - 2)/4. Suppose -5*s - a*l - 2*l = 35, 3*l - 9 = 2*s. Let h(n) = n**3 + 5*n**2 - 4*n + 4. Give h(s).
-8
Let x(f) = -3*f + 13. Let n(j) = 4*j - 16. Let i(k) = -4*n(k) - 5*x(k). Determine i(1).
-2
Let c = 2 - 5. Let i(d) be the second derivative of 1/20*d**5 + 1/3*d**3 - d + 1/3*d**4 - 3/2*d**2 + 0. Calculate i(c).
0
Let z(d) = -d**3 + 3*d**2 + 6*d - 8. Let x = 856 - 852. Calculate z(x).
0
Let o be (-3)/(12/56) - 0. Let r = 10 + o. Let c = -6 - r. Let t(p) = 2*p**3 + 2*p**2. Determine t(c).
-8
Let o(q) = q - 5. Let x be (13 + -13)*3/6. What is o(x)?
-5
Let j be (-6)/(-9) + (-16)/(-12). Let r(b) = -14*b**j + 7*b**2 + 2*b**3 + 4*b**2. Let g be (-2)/6 + (-14)/(-6). Give r(g).
4
Let w(d) = 29*d**2 - 8 - 55*d**2 + 1 - d + 25*d**2. What is w(-2)?
-9
Let d(j) = 1. Let b(s) = -3*s - 6. Let k(n) = n - 3. Let q be k(2). Let z(w) = q*b(w) - 4*d(w). What is z(-4)?
-10
Suppose -5*r + 23 = -27. Suppose 0 = 5*c - r*c - 10. Let h(o) = -8*o - 3. What is h(c)?
13
Let t be -1 + 0 + -2 - 3*-1. Suppose -4*g - 7*a + 2*a = 5, -3*g + 2*a + 2 = t. Let w(l) = l**2 - 21. Give w(g).
-21
Let d(n) be the second derivative of -n**7/2520 - n**6/720 + n**5/20 + n**4/3 + 11*n. Let h(y) be the third derivative of d(y). Calculate h(0).
6
Let c(g) be the second derivative of g**4/4 + 7*g**3/6 + 2*g - 11. Determine c(-3).
6
Suppose -1 - 2 = -x. Suppose 2*c + 2*c + 3*u = 31, -15 = -x*u. Let z(k) = 11*k**2 + 0 + c*k - 16*k**2 + 5 + 4*k**2. What is z(4)?
5
Let h(q) = 8*q - 5. Suppose -216*o + 224*o = -16. What is h(o)?
-21
Let l = -27 + 34. Let o(h) = -3*h - 5. Give o(l).
-26
Let v(q) = 2*q**2 - 18*q + 19. Let b be v(6). Let t = b - -12. Let x(z) = z**3 + 6*z**2 + 6*z + 2. Determine x(t).
-3
Let o(u) = -u - 17. Let p = -575 + 565. Calculate o(p).
-7
Let o = 14 - 19. Let u = o + 10. Suppose 3*f = u*g - 12 + 29, -4*g - 8 = -f. Let x(a) = a**2 + a - 1. Give x(g).
-1
Let v(u) be the third derivative of u**8/6720 + u**7/280 + 7*u**6/720 - u**5/12 - 7*u**4/8 + 9*u**2. Let h(n) be the second derivative of v(n). Determine h(-8).
-2
Let s(f) = f - 3. Let n = -8 + 13. Let i be (-1)/n + 148/(-10). Let t = -18 - i. Calculate s(t).
-6
Let j(c) = -c**2 - 9*c + 1. Let z(m) = -2*m**3 - 25*m**2 - 11*m + 4. Let u be z(-12). Give j(u).
9
Let u be (4/(-12))/(2/(-30)). Suppose -u*d + 7 = -8. Let l(y) = -12*y + 1 + 4*y**2 + d*y**2 - y**2 - y**3 + 13*y. Determine l(6).
7
Let q be (-4)/8 - (36/(-8))/1. Let m(x) = 0*x + 5 - q + x**2 + 7*x - x. What is m(-7)?
8
Let j be (7 - 9)/(-1 - 1). Suppose -3*o + 7 = j. Let u(c) = -c**2 - 13*c + 3*c**2 + o + 8*c. Calculate u(4).
14
Let m be -1 - (-2 - -2)/((-15)/5). Let t(s) = -s**2 + 19*s - 1 + 0*s**2 - 20*s. Calculate t(m).
-1
Suppose 76 = 2*l + 4*j, l + j - 73 = -l. Suppose -l + 32 = a. Let x(u) = -u + 3. Determine x(a).
7
Let j(t) = t**3 - 6*t**2 + 5*t - 1. Let v be 5/(15/6) - -2. Suppose -v*l + 9 = 3*i, 3*l + 3*i = -0*l + 9. Let b be -4 + l + 3 + 6. Give j(b).
-1
Suppose -2*i + 20 = 3*i. Let v be (3 + 9/(-4))*i. Suppose 2*r + 3*p = -3*r - 40, -2*p = -v*r - 24. Let a(s) = s**2 + 7*s - 10. Give a(r).
-2
Let w = 786 + -772. Let m(j) = -j**3 + 14*j**2 - 3*j + 28. Determine m(w).
-14
Let w(h) be the third derivative of h**7/840 - h**6/45 - h**5/120 + 5*h**4/24 + h**3 + 8*h**2. Let a(m) be the first derivative of w(m). Calculate a(8).
-3
Suppose 5*w = 20, 5*w + 1 = g + 20. Let u = 1 + g. Let n(b) = b**3 + 1 - 4*b**2 - u*b - 2 + 3. What is n(4)?
-6
Let w = 42 + -40. Let q(i) = -2*i - 8. Let d(o) = -o - 4 - 5 + 8. Let k(c) = 6*d(c) - q(c). What is k(w)?
-6
Let m(j) = j**3 + 5*j**2 + 3. Let c be (-10)/(-50) + (144/(-20) - -2). What is m(c)?
3
Suppose 5*x + 22 - 2 = 0, 5*f + 5*x = -25. Let v = f + 3. Let j(d) = -1 + 0*d - v*d**3 + d**3 + 2*d - 3*d**2 - 5*d. What is j(-2)?
1
Let p(h) be the first derivative of -h + 2 - 1/2*h**2. Determine p(-6).
5
Let y(i) = -i**2 + i - 1. Let l(b) = 5*b**2 - 4*b + 8. Let u(m) = -m + 8. Let r be u(7). Let v(q) = r*l(q) + 6*y(q). Calculate v(3).
-1
Let z(g) be the second derivative of g**4/12 - 4*g**3/3 + 3*g**2/2 + 9*g. Suppose 0*u - 5*u + 15 = 5*a, -5*u - 2*a = -21. Give z(u).
-12
Let i(t) = t**3 - 8*t**2 - t + 5. Suppose -3*o + 3*s = -2*s + 1, -5*o - s + 45 = 0. Determine i(o).
-3
Let p(c) = c**2 + 4*c + 5. Suppose -x = 4*t - 8 + 4, 0 = -5*x + t - 1. Suppose -z - 4*z - 20 = x. What is p(z)?
5
Let y(d) = d**3 - 9*d**2 - 13*d + 23. Let j be y(10). Let f(x) = 4*x + 18. What is f(j)?
-10
Let n(k) = k**2 + 15*k + 17. Let q(r) = 2*r**2 + r - 1. Let y(u) = -n(u) + q(u). Give y(15).
-3
Let b(j) be the third derivative of 2*j**2 + 0 + 0*j + 1/30*j**5 - 7/24*j**4 - 1/3*j**3. Let s(q) = q**2 - 19*q - 15. Let u be s(20). Calculate b(u).
13
Let q(s) = -s - 1. Let v(i) = 6*i - 2*i + 11 - 6*i. Let o be v(8). Determine q(o).
4
Suppose 2*c = 3*c + 2. Let r(n) = 3*n**2 + 2*n + 1. Give r(c).
9
Let z(t) = -t**2 + 8. Suppose -5*o = -2*w - 17, -o + w + 10 = 2*o. Suppose -4*s + 16 = x - 0*x, o*s = -5*x + 12. Determine z(x).
8
Let y be (-14)/(-3) + 2/6. Let c(a) = -4*a + 5 + y*a - 4 - a**2 - 3. Calculate c(2).
-4
Let j(b) = -4*b**3 + 6*b**3 - 18 - 32*b + 21*b - b**3 - 11*b**2. Determine j(12).
-6
Let c(l) = 2*l**2 + 3*l - 3. Let z(m) = -m**2 + m. Let j(x) = c(x) + z(x). Give j(1).
2
Let v(y) = 15*y - 26. Let g(j) = -7*j + 12. Let x(i) = 9*g(i) + 4*v(i). What is x(-7)?
25
Let k(v) be the first derivative of -v**3/3 + 6*v**2 + 3*v - 108. Give k(8).
35
Let y = -15 + 18. Let q(m) = 2*m + 82*m**3 + 3*m**2 + y*m**2 + 0*m**2 - 5 - 81*m**3. What is q(-5)?
10
Let i = 745 + -739. Let n(w) = -w**2 + 9*w - 13. Determine n(i).
5
Suppose 69*d = 56*d + 26. Let z(q) = -8*q + 6. What is z(d)?
-10
Let v be (20/(-6))/5*-3. Suppose -v*f + f = 5. Let g(z) = 13*z**2 + 23*z + 23. Let u(n) = 7*n**2 + 12*n + 12. Let j(c) = -6*g(c) + 11*u(c). Give j(f).
-1
Let g(i) = i**3 - i. Suppose 2*p + 14 = 4*m, -8*p + 4 = 2*m - 6*p. Determine g(m).
24
Let p(h) = -8 + h - 12 - 6 + 29 - 11. Determine p(7).
-1
Let j be -4 + 0*1/(-4). Let y = 1 + j. Let r(s) = -s**3 - 3*s**2 + s - 2. What is r(y)?
-5
Let o(d) = -4*d - 3. Let k(f) = 2 + 2 + 0 + 2*f - 2. Let v be k(-2). What is o(v)?
5
Let n(m) be the second derivative of -m**3/2 - m**2/2 - 4*m. Let h = -18 + 19. Suppose -5*w + 6 = h. Calculate n(w).
-4
Let m be (-9*1/(-3))/1. Let g(k) = 2*k + 2 - 4 - m*k**2 + 2*k**3 + 0*k**3. Suppose -x = x - 4. What is g(x)?
6
Let d(a) = 4*a 